 factor of 14755587?
True
Is 22 a factor of 204177737?
False
Is 594 a factor of 655494430?
False
Is 515450 a multiple of 10?
True
Does 849 divide 44793240?
True
Does 41 divide 33497697?
True
Is 5253486 a multiple of 4?
False
Is 66630501 a multiple of 93?
True
Does 138 divide 25717680?
True
Is 3 a factor of 8837435?
False
Is 263445168 a multiple of 1212?
True
Is 22 a factor of 4521920?
False
Is 2 a factor of 159068877?
False
Does 6380 divide 1416883160?
True
Is 338 a factor of 299402090?
True
Is 246887361 a multiple of 1611?
True
Does 404 divide 1271023996?
True
Is 6 a factor of 432221700?
True
Does 19 divide 122995359?
False
Is 263328384 a multiple of 496?
True
Is 200750208 a multiple of 1339?
False
Does 1515 divide 614566421?
False
Does 27 divide 63387785?
False
Does 4 divide 3625128?
True
Is 26 a factor of 2825957313?
False
Does 2 divide 7119274?
True
Is 1740135555 a multiple of 279?
True
Does 11 divide 104611177?
True
Is 300 a factor of 479153400?
True
Does 42 divide 319870026?
True
Is 130 a factor of 39669644?
False
Does 24 divide 3050695?
False
Does 931 divide 15109199?
True
Is 767 a factor of 256058348?
True
Does 2802 divide 584240015?
False
Is 70526012 a multiple of 463?
True
Is 1890962472 a multiple of 168?
True
Is 325 a factor of 1222520021?
False
Is 1477 a factor of 297094119?
True
Is 11242259 a multiple of 28?
False
Is 379497787 a multiple of 1514?
False
Is 1711303552 a multiple of 32?
True
Is 43171832 a multiple of 1733?
False
Is 7858100 a multiple of 20?
True
Is 151 a factor of 769279935?
False
Is 34249995 a multiple of 1651?
True
Does 226 divide 1399741793?
False
Is 33 a factor of 2210846319?
True
Does 14 divide 3986962770?
True
Does 13 divide 102361132?
False
Is 1646040951 a multiple of 1299?
False
Is 17 a factor of 144065972?
False
Does 40 divide 394989380?
False
Is 1516 a factor of 586589225?
False
Is 407600522 a multiple of 95?
False
Is 157249054 a multiple of 114?
False
Is 18 a factor of 409986?
True
Is 810 a factor of 263658918?
False
Does 785 divide 16062837?
False
Is 994 a factor of 57983002?
True
Is 37453152 a multiple of 25?
False
Is 678087578 a multiple of 5004?
False
Is 1729 a factor of 4781838?
False
Does 6204 divide 685616448?
True
Is 543486464 a multiple of 816?
False
Does 5 divide 71101945?
True
Does 14 divide 303244144?
True
Is 66 a factor of 16718865?
False
Does 47 divide 1721314276?
True
Is 72631307 a multiple of 282?
False
Does 829 divide 31031691?
False
Is 107734799 a multiple of 18?
False
Is 666 a factor of 13499820?
True
Is 869813485 a multiple of 5585?
True
Is 11308389 a multiple of 25?
False
Is 2 a factor of 156363201?
False
Does 21 divide 1051023960?
True
Is 56 a factor of 22228304?
True
Is 630311900 a multiple of 55?
False
Is 28 a factor of 8918758?
False
Is 56136 a multiple of 24?
True
Does 358 divide 190039806?
False
Does 3689 divide 438219999?
True
Does 99 divide 3809565?
False
Is 3336 a factor of 441579648?
True
Is 63030489 a multiple of 17?
False
Is 22324558 a multiple of 14?
False
Is 1383139 a multiple of 5?
False
Does 128 divide 258407615?
False
Is 4296 a factor of 1302847920?
True
Is 40854500 a multiple of 60?
False
Is 53 a factor of 11542565?
False
Is 122 a factor of 15332877?
False
Is 617643762 a multiple of 697?
True
Does 273 divide 134465877?
True
Is 201919830 a multiple of 413?
True
Is 360388818 a multiple of 28?
False
Is 585263276 a multiple of 26?
True
Is 239575608 a multiple of 547?
False
Is 1104 a factor of 51867934?
False
Does 96 divide 16376063?
False
Is 10546 a factor of 1202001442?
True
Does 809 divide 2348558551?
True
Does 338 divide 29376911?
False
Does 522 divide 2335989?
False
Is 272 a factor of 22568928?
True
Is 1836285 a multiple of 341?
True
Is 5826 a factor of 432653074?
False
Is 130128942 a multiple of 2434?
True
Is 200789196 a multiple of 3286?
False
Is 211500090 a multiple of 2207?
False
Is 52 a factor of 6603313860?
True
Does 44 divide 21863556?
True
Does 609 divide 47219429?
False
Is 43089956 a multiple of 1204?
True
Is 269 a factor of 17556823?
True
Is 16166472 a multiple of 354?
True
Is 27474651 a multiple of 5?
False
Is 411 a factor of 91625874?
True
Is 107702153 a multiple of 13?
True
Is 3 a factor of 309006219?
True
Does 49 divide 15888999?
False
Does 49 divide 19358277?
False
Does 711 divide 617204880?
True
Is 31530525 a multiple of 75?
True
Is 15346444 a multiple of 10?
False
Does 1042 divide 22155331?
False
Is 27 a factor of 131859792?
True
Is 46956357 a multiple of 123?
True
Is 14 a factor of 172523568?
True
Is 143765226 a multiple of 782?
True
Does 344 divide 281180096?
True
Is 412 a factor of 562951032?
True
Is 4 a factor of 12259652?
True
Is 767 a factor of 1245997867?
False
Is 1581925 a multiple of 5493?
False
Is 34 a factor of 580606440?
True
Is 683777714 a multiple of 146?
True
Does 2012 divide 39376852?
True
Is 23 a factor of 30544895?
False
Is 9 a factor of 32934330?
True
Is 11 a factor of 85223815?
False
Is 87 a factor of 1373603850?
True
Is 19 a factor of 47145555?
True
Is 2 a factor of 9863441?
False
Is 3556 a factor of 532461216?
True
Is 543579083 a multiple of 926?
False
Is 122555111 a multiple of 7?
True
Is 312118688 a multiple of 3597?
False
Does 34 divide 28857577?
False
Is 1087 a factor of 5349924?
False
Is 2154191832 a multiple of 2626?
True
Is 461 a factor of 416901201?
True
Is 9 a factor of 795609488?
False
Is 440283952 a multiple of 34?
True
Is 5974606 a multiple of 2?
True
Does 927 divide 810576504?
False
Is 10 a factor of 2687484143?
False
Is 7 a factor of 2902109?
True
Is 13769171 a multiple of 1261?
False
Does 36 divide 104168948?
False
Does 11 divide 2277306240?
True
Does 80 divide 143471840?
True
Is 38599646 a multiple of 499?
True
Does 113 divide 2164936241?
False
Is 69832048 a multiple of 176?
True
Does 1637 divide 679863435?
False
Is 2876 a factor of 234218564?
True
Is 50557330 a multiple of 113?
True
Does 628 divide 4500003080?
True
Is 8 a factor of 670300208?
True
Does 25 divide 11053450?
True
Does 335 divide 126379305?
False
Does 3 divide 11938255?
False
Does 7 divide 34673750?
False
Does 4677 divide 1443233337?
True
Does 2 divide 278227964?
True
Is 612 a factor of 2322236084?
False
Is 89558916 a multiple of 81?
False
Does 122 divide 5411338588?
False
Is 5999266773 a multiple of 553?
False
Does 8 divide 38641308?
False
Is 134 a factor of 18462654?
True
Is 571605469 a multiple of 717?
False
Is 1013665942 a multiple of 169?
False
Is 19752626 a multiple of 68?
False
Is 62 a factor of 388181599?
False
Does 2 divide 6468469?
False
Is 20 a factor of 1769824240?
True
Is 1447 a factor of 2720743455?
True
Is 956 a factor of 288479522?
False
Does 6098 divide 2106334572?
True
Is 233612886 a multiple of 92?
False
Does 21 divide 1565256?
True
Is 3092810 a multiple of 2599?
True
Is 294671308 a multiple of 92?
True
Is 15 a factor of 29838975?
True
Is 11 a factor of 1022044034?
True
Is 60 a factor of 57838260?
True
Is 11762 a factor of 999570046?
True
Does 10 divide 277620550?
True
Is 221 a factor of 204043113?
False
Does 18 divide 9047781?
False
Is 2567 a factor of 3871036?
True
Does 13 divide 19033196?
True
Is 246188135 a multiple of 78?
False
Is 82748925 a multiple of 1055?
True
Is 197 a factor of 1693611167?
True
Is 13 a factor of 1204366?
False
Is 71074421 a multiple of 81?
False
Does 13 divide 2702715392?
True
Is 46455166 a multiple of 19?
False
Is 84581258 a multiple of 23?
True
Is 136 a factor of 38271760?
True
Is 34832642 a multiple of 26?
True
Is 2054 a factor of 599434656?
False
Does 26 divide 47466141?
False
Is 89465085 a multiple of 25?
False
Is 6640542 a multiple of 6?
True
Does 4 divide 4993274?
False
Does 6397 divide 390882288?
True
Is 33816762 a multiple of 3334?
True
Is 856018800 a multiple of 7800?
True
Does 45 divide 20447730?
True
Is 349 a factor of 20848589?
False
Is 474 a factor of 615755494?
False
Is 3882 a factor of 97651710?
True
Is 1073 a factor of 48399114?
False
Does 646 divide 5536613192?
False
Does 174 divide 7688190?
True
Does 22 divide 35276076?
True
Is 506198404 a multiple of 892?
True
Does 64 divide 807818697?
False
Does 552 divide 289262352?
True
Does 163 divide 243533247?
True
Is 135164375 a multiple of 625?
True
Is 2061018378 a multiple of 18?
True
Does 12 divide 133755849?
False
Does 414 divide 837791